posite number?
False
Suppose 5*s + 4*t - 53 = 100, 4*s - 144 = 4*t. Let z = s - -552. Suppose -1769 = -4*f + 2*w + z, 4*f + 3*w - 2329 = 0. Is f prime?
False
Let r be 27/36 - 2/(24/(-47103)). Suppose -r = -4*y + 6122. Suppose q - 1336 = -2*c, 4*c + q - y = 162. Is c prime?
False
Suppose -4*f + 2*r = -8, -4*r + 8 + 28 = 5*f. Suppose -4*j + 772 = -f*k, -4*j + 5*j - 3*k - 187 = 0. Let y = j - -109. Is y a composite number?
True
Let f = 1315072 - 781131. Is f composite?
True
Let f(a) = 63*a**2 + a + 6. Suppose -s - 24 = 2*y + 4*s, -y = 2*s + 11. Is f(y) prime?
False
Is ((-3319065)/(-12) - 23) + (-2)/(-8) a composite number?
True
Let g(k) = 31*k**2 - 3*k + 4. Let u(w) = 31*w**2 - 3*w + 5. Let a(t) = 6*g(t) - 5*u(t). Suppose 0 = -5*o - 2*n - 29, 5*n + 10 = -o - 5. Is a(o) composite?
True
Suppose -4*m = -7 - 9. Suppose -2*v + 26 = -m. Suppose -s - 3*y = -2896, 4*y + y - v = 0. Is s a composite number?
False
Let i = -5 + 7. Suppose 5*v = 15, 0*x + i*x + v = 777. Let w = x - 176. Is w a prime number?
True
Let v = -3736 - -8767. Suppose -5*k + 0 = 5, -2*d + k = -v. Is d a prime number?
False
Let s = 61294 - -6777. Is s a prime number?
True
Suppose 29*m - 327518 + 35372 = 0. Suppose m = 15*f + 3429. Is f a prime number?
True
Let v = 364610 - 151657. Is v a composite number?
True
Let m(l) = 12 - 6*l - 7 - 18 + 33*l**2. Is m(-6) prime?
False
Let w = -5 - -7. Suppose -r - 3412 = -2*o, 7*r - 4*r + 3420 = w*o. Suppose o = 4*v - 828. Is v prime?
False
Suppose 31 - 11 = 2*i. Let c(w) = -w**2 + 6*w + 44. Let t be c(i). Suppose 1041 = t*o - o. Is o prime?
True
Let u(a) = 12*a - 10. Let d be u(-13). Suppose 9*o - 80 = 25*o. Is o/(-20)*-2*d a composite number?
False
Let x be 5/2*(-3)/(-30)*3508. Suppose 2*p = -x + 4187. Is p composite?
True
Let u(n) = n**2 + 2*n + 2. Let w be u(-2). Let q be 9 + 1610 + 4 + -6. Suppose q = 4*d - d + w*l, -2*d + 1094 = -4*l. Is d composite?
False
Let o(l) = -366*l + 307. Is o(-6) a prime number?
True
Suppose 5*n = -4*j - 49456, -2*n + 7*n + 2*j = -49458. Is (-5 - -4)*-7 - n a prime number?
False
Suppose -3*g - 481 = z + 3275, -5*z = -g + 18732. Let l = 6706 + z. Is l composite?
True
Let f(u) = -32*u**2 - 13*u + 11. Let p(a) = a**2 + 5*a - 2. Let i(d) = -f(d) - 4*p(d). Suppose 3*w = -9, -3*c - 5*w - 36 = -0*w. Is i(c) a prime number?
False
Let x(o) = 4*o**2 + 19*o + 10. Let h be x(-4). Is (3049/h)/(2/(-4)) a composite number?
False
Let a be (0/((-2)/1))/(2 + 2). Let y be (a + 2/(-6))*(-396)/12. Is y/(5 - 920/185) a composite number?
True
Let s(r) be the first derivative of -20*r - 15/2*r**2 + 5/3*r**3 - 19 - 17/4*r**4. Is s(-5) composite?
True
Let o be (5 + 9/(-6) + 5)*2. Suppose -30*p + o*p + 98813 = 0. Is p a composite number?
True
Let l = -442152 - -1547293. Is l a composite number?
False
Suppose 272*b - 273*b - 15393 = -129704. Is b a prime number?
True
Let x(l) = -l**2 + 14*l - 43. Let i be x(8). Suppose i*b - 47 = 2*n, 6*n - 10*n = -b + 13. Is b composite?
True
Suppose 0 = 4*o - 3*w - 184444, 38*w = o + 37*w - 46112. Let h = -27681 + o. Is h composite?
False
Suppose -4*o = 150 - 46. Let v = o - -7. Let z = v + 44. Is z a composite number?
True
Let h be 371/14*-10 - -6. Let m = 498 + h. Is m a composite number?
False
Let w = -12 - -25. Let m = 13 - w. Let b(k) = -k**3 + k + 223. Is b(m) composite?
False
Suppose 3677846 = -38*o + 6622012 + 12867596. Is o composite?
True
Let z(p) be the third derivative of -155*p**4/6 - p**3/3 + 25*p**2. Let a be z(2). Let c = -851 - a. Is c composite?
True
Let j(z) = 8*z**2 - 11*z + 3. Let l(s) = 23*s**2 - 33*s + 9. Let b(o) = -17*j(o) + 6*l(o). Suppose q - 11*q + 80 = 0. Is b(q) a prime number?
True
Let b = -13757 + 64819. Suppose -23*o = -o - b. Is o a prime number?
False
Let a = -656543 - -943356. Is a prime?
True
Is 8/72 - 2677580/(-9) a prime number?
True
Let n be (2/3 - 1)/((-5)/645). Suppose -n*j + 38*j = 4*b - 2021, -3*j + 2510 = 5*b. Is b a composite number?
False
Suppose 4*q = 111 + 8821. Suppose -12 = 4*b, -4*b + q = l + b. Let r = -347 + l. Is r a composite number?
False
Suppose -5*w - 3*v + 1363 = -86255, 0 = 5*w - 5*v - 87650. Suppose -9*x - 37*x + w = 0. Is x composite?
True
Let a(n) = -11*n - 230. Let o be a(-23). Let b(s) = -s**3 + 25*s**2 + s - 32. Is b(o) a prime number?
True
Let c(l) = 61418*l**3 - l**2 + 15*l - 49. Is c(3) a composite number?
False
Let o(n) = -3223*n - 6. Let i be o(-1). Suppose 8*w - i = -73. Suppose 0 = 3*h + 2*u - w, -h - 4*u - 16 = -137. Is h a composite number?
True
Let j(d) = -4*d**3 + 45 - 3*d**2 + 0 + 3*d - 2*d**2. Let o be j(-11). Let y = o + -3082. Is y a composite number?
True
Let u = 255 - 230. Suppose 7*o = u*o - 18756. Is o a prime number?
False
Let l(s) = -11*s - 27. Let i be l(-3). Let k(n) = -n + 11. Let x be k(i). Suppose 510 = x*d - 7205. Is d composite?
False
Let a = -642565 - -1974452. Is a a composite number?
True
Is (-1323024)/(-6) - 9/(-45)*-15 a prime number?
False
Let u = 658642 - 327659. Is u a prime number?
True
Let p be ((7 + -11)/4)/(1/(-451)). Suppose -2*m + p = -231. Is m composite?
True
Let h(q) = 215*q**2 - 30*q + 18. Let f be h(8). Is f/(-7)*((-2)/(-1))/(-2) prime?
False
Let v(t) = 18059*t - 780. Is v(5) a composite number?
True
Let m = 7666 + 63. Is m composite?
True
Let c = -1967 - 15164. Let v = -11102 - c. Is v a composite number?
False
Suppose 105 + 140 = 7*q. Let v(o) = -22*o - 24*o - 14*o - q*o + 22. Is v(-3) a prime number?
True
Let b(c) = 303*c**2 + 17*c - 33. Is b(35) a prime number?
True
Suppose -218*h = -209*h. Suppose h = 4*n - 21*n + 11373. Is n prime?
False
Let q(w) = 18*w**3 - 3*w**2 - 16*w + 28. Let t be q(12). Is ((-7)/14)/(-3 + 91522/t) a composite number?
True
Is 2*73/(-365)*2640770/(-4) composite?
True
Suppose -4*s + 2776197 = -4*i - 56223, -2*i = -8. Is s a composite number?
False
Let t(r) = -340*r**2 + 12*r + 16. Let n be t(7). Let q = 3851 - n. Is q composite?
False
Suppose -4*o = -3*j + 11, o + 6 = -2*o. Let r(w) = 4*w**2 - w + 2. Let q be r(j). Suppose g - 1384 = -2*l, q*l = -0*l + 4*g + 3447. Is l prime?
True
Is 8/(-12)*(-35163)/(-2)*(-615)/45 a prime number?
False
Suppose -13*d + 844875 - 277490 = 0. Suppose 11*x - d - 3897 = 0. Is x composite?
True
Let q be (-3)/(-12)*-2 - 110/(-20). Suppose 0 = -q*k + 12255 + 5200. Is k a prime number?
True
Suppose -3*w - 923473 = -6*w + 4*y, -5*w + 1539114 = y. Is w a composite number?
False
Let o(f) = 9*f - 118. Let j be o(13). Is 3 - j - (-1 + 0)*519 composite?
False
Let n be (-102)/36 - -4 - (-1)/(-6). Is -3694*((-1)/(-2) - n) prime?
True
Let v = 56 - 35. Let s(u) = 15*u - 14. Is s(v) a prime number?
False
Let v(d) = 145*d**2 - 17*d + 1247. Is v(55) composite?
False
Let a(k) = 0*k + 31*k**2 + 27 + 5*k**2 + 19*k**2 + 2*k. Is a(8) prime?
False
Suppose -11*x - 5 = -49. Suppose t - 3*t - 5*w = 20, 4*w + 16 = 3*t. Suppose d + 3 = t, -3631 = 2*q - x*q + 3*d. Is q prime?
True
Let q(u) = u**2 + 6*u + 2. Let x be q(3). Let h = 31 - x. Suppose h*z - z = 2155. Is z composite?
True
Let g = -4332 - -7586. Let j = 13 + -8. Suppose 0 = -j*f - 469 + g. Is f prime?
True
Is (-4)/(-3)*9*1072616/96 composite?
False
Let t = -650929 - -925488. Is t composite?
True
Let d be (12/9 - 3)/((-2)/12). Suppose d = -t - 0*t. Is (0 + t)/((-10)/505 + 0) a prime number?
False
Is 16384288/80 - 3/5 prime?
True
Let i = -569 + 597. Let j(h) = -h**2 - 9*h + 9. Let m be j(-10). Is (i - 17)*m/(2/(-14)) composite?
True
Suppose 105*g + 13827 = 106*g. Is (2/(-3))/(55306/g + -4) prime?
False
Let d be (-2)/((-6)/54 + (-13)/45). Suppose -2*i = -5*o - 36, -d*o - i - 18 = 3*i. Is (-3468)/o + (0 - 1) a composite number?
False
Let k(m) = -671*m**2 + 15*m + 27. Let c be k(-2). Let h = c - -4534. Is h composite?
False
Suppose 3*v = -4*f + 56, 35 = 3*f - 7*v + 11*v. Let y(l) = 85*l**2 - 17*l - 83. Is y(f) a prime number?
False
Let u be (13 + -14)*(-7 + 1)/1. Suppose u*s - 9219 = 3*s. Is s prime?
False
Suppose -l + 4 = -3*y, 3*y - 17 = -5. Let h = l + -22. Is ((-28190)/15)/(4/h) a prime number?
True
Suppose 98 - 9 = 5*w - r, -5*r - 67 = -4*w. Let p(s) = 17*s**2 + 20*s - 75. Is p(w) a prime number?
False
Let r(g) = -3*g + 2. Let y be r(-3). Let i(s) = s**3 - 2*s**2 + 3*s - 11. Let o be i(y). Suppose -5*p + 1123 = 4*b, 3*b = 5*p + b - o. Is p composite?
False
Let b = 61421 - 6006. Is b a prime number?
False
Su